{"id":106,"date":"2019-03-21T12:29:33","date_gmt":"2019-03-21T10:29:33","guid":{"rendered":"http:\/\/www.mitkunai.lt\/?page_id=106"},"modified":"2019-03-21T13:13:26","modified_gmt":"2019-03-21T11:13:26","slug":"veiklos","status":"publish","type":"page","link":"https:\/\/www.mitkunai.lt\/?page_id=106","title":{"rendered":"Veiklos"},"content":{"rendered":"<div id=\"fb-root\"><\/div>\n\n<p>Mitk\u016bn\u0173 kaimo bendruomen\u0117 bendruomenin\u0117mis iniciatyvomis \u012fgyvendino ne vien\u0105 bendruomenin\u012f projekt\u0105.<\/p>\n\n\n\n<p>Tik bendruomen\u0117s noru prisid\u0117ti \u0161ios iniciatyvos tampa realybe.<br>A\u010di\u016b visiems u\u017e pagalb\u0105 bei nor\u0105 tobulinti m\u016bs\u0173 gyvenam\u0105j\u0105 aplink\u0105. <\/p>\n\n\n\n<p>J\u016bs\u0173 nuomon\u0117 labai svarbi, visada malonu i\u0161girsti j\u016bs\u0173 nuomon\u0119 apie veiklas kurios j\u016bs\u0173 nuomone yra svarbios.<\/p>\n\n\n\n<p>\u0160ioje kategorijoje pateikiama informacija apie m\u016bs\u0173 bendruomen\u0117s igyvendintus\/\u012fgyvendinamus projektus.<\/p>\n","protected":false},"excerpt":{"rendered":"<p>Mitk\u016bn\u0173 kaimo bendruomen\u0117 bendruomenin\u0117mis iniciatyvomis \u012fgyvendino ne vien\u0105 bendruomenin\u012f projekt\u0105. Tik bendruomen\u0117s noru prisid\u0117ti \u0161ios iniciatyvos tampa realybe.A\u010di\u016b visiems u\u017e pagalb\u0105 bei nor\u0105 tobulinti m\u016bs\u0173 gyvenam\u0105j\u0105 aplink\u0105. J\u016bs\u0173 nuomon\u0117 labai svarbi, visada malonu i\u0161girsti j\u016bs\u0173 nuomon\u0119 apie veiklas kurios j\u016bs\u0173 nuomone yra svarbios. \u0160ioje kategorijoje pateikiama informacija apie m\u016bs\u0173 bendruomen\u0117s igyvendintus\/\u012fgyvendinamus projektus.<\/p>\n","protected":false},"author":1,"featured_media":0,"parent":0,"menu_order":0,"comment_status":"closed","ping_status":"closed","template":"","meta":{"ngg_post_thumbnail":0,"footnotes":""},"class_list":["post-106","page","type-page","status-publish","hentry","nodate","item-wrap"],"_links":{"self":[{"href":"https:\/\/www.mitkunai.lt\/index.php?rest_route=\/wp\/v2\/pages\/106","targetHints":{"allow":["GET"]}}],"collection":[{"href":"https:\/\/www.mitkunai.lt\/index.php?rest_route=\/wp\/v2\/pages"}],"about":[{"href":"https:\/\/www.mitkunai.lt\/index.php?rest_route=\/wp\/v2\/types\/page"}],"author":[{"embeddable":true,"href":"https:\/\/www.mitkunai.lt\/index.php?rest_route=\/wp\/v2\/users\/1"}],"replies":[{"embeddable":true,"href":"https:\/\/www.mitkunai.lt\/index.php?rest_route=%2Fwp%2Fv2%2Fcomments&post=106"}],"version-history":[{"count":4,"href":"https:\/\/www.mitkunai.lt\/index.php?rest_route=\/wp\/v2\/pages\/106\/revisions"}],"predecessor-version":[{"id":113,"href":"https:\/\/www.mitkunai.lt\/index.php?rest_route=\/wp\/v2\/pages\/106\/revisions\/113"}],"wp:attachment":[{"href":"https:\/\/www.mitkunai.lt\/index.php?rest_route=%2Fwp%2Fv2%2Fmedia&parent=106"}],"curies":[{"name":"wp","href":"https:\/\/api.w.org\/{rel}","templated":true}]}}